{"id":58,"date":"2021-02-15T12:29:13","date_gmt":"2021-02-15T12:29:13","guid":{"rendered":"http:\/\/www.januvdvur.cz\/?page_id=58"},"modified":"2021-03-27T17:41:29","modified_gmt":"2021-03-27T17:41:29","slug":"fotogalerie","status":"publish","type":"page","link":"https:\/\/www.januvdvur.cz\/index.php\/fotogalerie\/","title":{"rendered":"FOTOGALERIE"},"content":{"rendered":"\n<div class=\"wp-block-columns is-layout-flex wp-container-core-columns-is-layout-9d6595d7 wp-block-columns-is-layout-flex\">\n<div class=\"wp-block-column is-layout-flow wp-block-column-is-layout-flow\">\n<div class=\"wp-block-media-text alignwide is-stacked-on-mobile\"><figure class=\"wp-block-media-text__media\"><a href=\"https:\/\/www.januvdvur.cz\/index.php\/fotogalerie\/fotogalerie-penzion\/\"><img fetchpriority=\"high\" decoding=\"async\" width=\"800\" height=\"533\" src=\"https:\/\/www.januvdvur.cz\/wp-content\/uploads\/2021\/03\/penzion-nah.jpg\" alt=\"\" class=\"wp-image-568 size-full\" srcset=\"https:\/\/www.januvdvur.cz\/wp-content\/uploads\/2021\/03\/penzion-nah.jpg 800w, https:\/\/www.januvdvur.cz\/wp-content\/uploads\/2021\/03\/penzion-nah-300x200.jpg 300w, https:\/\/www.januvdvur.cz\/wp-content\/uploads\/2021\/03\/penzion-nah-768x512.jpg 768w\" sizes=\"(max-width: 800px) 100vw, 800px\" \/><\/a><\/figure><div class=\"wp-block-media-text__content\">\n<h4 class=\"wp-block-heading\">Penzion<\/h4>\n<\/div><\/div>\n<\/div>\n\n\n\n<div class=\"wp-block-column is-layout-flow wp-block-column-is-layout-flow\">\n<div class=\"wp-block-media-text alignwide is-stacked-on-mobile\"><figure class=\"wp-block-media-text__media\"><a href=\"https:\/\/www.januvdvur.cz\/index.php\/fotogalerie\/fotogalerie-kemp\/\"><img decoding=\"async\" width=\"800\" height=\"533\" src=\"https:\/\/www.januvdvur.cz\/wp-content\/uploads\/2021\/03\/kemp-nah.jpg\" alt=\"\" class=\"wp-image-569 size-full\" srcset=\"https:\/\/www.januvdvur.cz\/wp-content\/uploads\/2021\/03\/kemp-nah.jpg 800w, https:\/\/www.januvdvur.cz\/wp-content\/uploads\/2021\/03\/kemp-nah-300x200.jpg 300w, https:\/\/www.januvdvur.cz\/wp-content\/uploads\/2021\/03\/kemp-nah-768x512.jpg 768w\" sizes=\"(max-width: 800px) 100vw, 800px\" \/><\/a><\/figure><div class=\"wp-block-media-text__content\">\n<h4 class=\"wp-block-heading\">Kemp<\/h4>\n<\/div><\/div>\n<\/div>\n<\/div>\n\n\n\n<div class=\"wp-block-columns is-layout-flex wp-container-core-columns-is-layout-9d6595d7 wp-block-columns-is-layout-flex\">\n<div class=\"wp-block-column is-layout-flow wp-block-column-is-layout-flow\">\n<div class=\"wp-block-media-text alignwide is-stacked-on-mobile\"><figure class=\"wp-block-media-text__media\"><a href=\"https:\/\/www.januvdvur.cz\/index.php\/fotogalerie\/fotogalerie-sklipek\/\"><img decoding=\"async\" width=\"800\" height=\"533\" src=\"https:\/\/www.januvdvur.cz\/wp-content\/uploads\/2021\/03\/sklipek-nah.jpg\" alt=\"\" class=\"wp-image-570 size-full\" srcset=\"https:\/\/www.januvdvur.cz\/wp-content\/uploads\/2021\/03\/sklipek-nah.jpg 800w, https:\/\/www.januvdvur.cz\/wp-content\/uploads\/2021\/03\/sklipek-nah-300x200.jpg 300w, https:\/\/www.januvdvur.cz\/wp-content\/uploads\/2021\/03\/sklipek-nah-768x512.jpg 768w\" sizes=\"(max-width: 800px) 100vw, 800px\" \/><\/a><\/figure><div class=\"wp-block-media-text__content\">\n<h4 class=\"wp-block-heading\">Skl\u00edpek<\/h4>\n<\/div><\/div>\n<\/div>\n\n\n\n<div class=\"wp-block-column is-layout-flow wp-block-column-is-layout-flow\">\n<div class=\"wp-block-media-text alignwide is-stacked-on-mobile\"><figure class=\"wp-block-media-text__media\"><a href=\"https:\/\/www.januvdvur.cz\/index.php\/fotogalerie\/fotogalerie-za-vinem-na-koni\/\"><img loading=\"lazy\" decoding=\"async\" width=\"800\" height=\"533\" src=\"https:\/\/www.januvdvur.cz\/wp-content\/uploads\/2021\/03\/konea-nah.jpg\" alt=\"\" class=\"wp-image-571 size-full\" srcset=\"https:\/\/www.januvdvur.cz\/wp-content\/uploads\/2021\/03\/konea-nah.jpg 800w, https:\/\/www.januvdvur.cz\/wp-content\/uploads\/2021\/03\/konea-nah-300x200.jpg 300w, https:\/\/www.januvdvur.cz\/wp-content\/uploads\/2021\/03\/konea-nah-768x512.jpg 768w\" sizes=\"(max-width: 800px) 100vw, 800px\" \/><\/a><\/figure><div class=\"wp-block-media-text__content\">\n<h4 class=\"wp-block-heading\">Za v\u00ednem na koni<\/h4>\n<\/div><\/div>\n<\/div>\n<\/div>\n\n\n\n<div class=\"wp-block-columns is-layout-flex wp-container-core-columns-is-layout-9d6595d7 wp-block-columns-is-layout-flex\">\n<div class=\"wp-block-column is-layout-flow wp-block-column-is-layout-flow\">\n<div class=\"wp-block-media-text alignwide is-stacked-on-mobile\"><figure class=\"wp-block-media-text__media\"><a href=\"https:\/\/www.januvdvur.cz\/index.php\/fotogalerie\/fotogalerie-farma\/\"><img loading=\"lazy\" decoding=\"async\" width=\"800\" height=\"533\" src=\"https:\/\/www.januvdvur.cz\/wp-content\/uploads\/2021\/03\/farma-nah.jpg\" alt=\"\" class=\"wp-image-577 size-full\" srcset=\"https:\/\/www.januvdvur.cz\/wp-content\/uploads\/2021\/03\/farma-nah.jpg 800w, https:\/\/www.januvdvur.cz\/wp-content\/uploads\/2021\/03\/farma-nah-300x200.jpg 300w, https:\/\/www.januvdvur.cz\/wp-content\/uploads\/2021\/03\/farma-nah-768x512.jpg 768w\" sizes=\"(max-width: 800px) 100vw, 800px\" \/><\/a><\/figure><div class=\"wp-block-media-text__content\">\n<h4 class=\"wp-block-heading\">Farma<\/h4>\n<\/div><\/div>\n<\/div>\n\n\n\n<div class=\"wp-block-column is-layout-flow wp-block-column-is-layout-flow\">\n<div class=\"wp-block-media-text alignwide is-stacked-on-mobile\"><figure class=\"wp-block-media-text__media\"><a href=\"https:\/\/www.januvdvur.cz\/index.php\/fotogalerie\/fotogalerie-letecke-zabery\/\"><img loading=\"lazy\" decoding=\"async\" width=\"800\" height=\"533\" src=\"https:\/\/www.januvdvur.cz\/wp-content\/uploads\/2021\/03\/let-nah.jpg\" alt=\"\" class=\"wp-image-582 size-full\" srcset=\"https:\/\/www.januvdvur.cz\/wp-content\/uploads\/2021\/03\/let-nah.jpg 800w, https:\/\/www.januvdvur.cz\/wp-content\/uploads\/2021\/03\/let-nah-300x200.jpg 300w, https:\/\/www.januvdvur.cz\/wp-content\/uploads\/2021\/03\/let-nah-768x512.jpg 768w\" sizes=\"(max-width: 800px) 100vw, 800px\" \/><\/a><\/figure><div class=\"wp-block-media-text__content\">\n<h4 class=\"wp-block-heading\">Leteck\u00e9 z\u00e1b\u011bry<\/h4>\n<\/div><\/div>\n<\/div>\n<\/div>\n\n\n\n<div class=\"wp-block-columns is-layout-flex wp-container-core-columns-is-layout-9d6595d7 wp-block-columns-is-layout-flex\">\n<div class=\"wp-block-column is-layout-flow wp-block-column-is-layout-flow\">\n<div class=\"wp-block-media-text alignwide is-stacked-on-mobile\"><figure class=\"wp-block-media-text__media\"><a href=\"https:\/\/www.januvdvur.cz\/index.php\/fotogalerie\/atmosfera-janova-dvora-a-okoli\/\"><img loading=\"lazy\" decoding=\"async\" width=\"800\" height=\"533\" src=\"https:\/\/www.januvdvur.cz\/wp-content\/uploads\/2021\/03\/atmo-nah.jpg\" alt=\"\" class=\"wp-image-661 size-full\" srcset=\"https:\/\/www.januvdvur.cz\/wp-content\/uploads\/2021\/03\/atmo-nah.jpg 800w, https:\/\/www.januvdvur.cz\/wp-content\/uploads\/2021\/03\/atmo-nah-300x200.jpg 300w, https:\/\/www.januvdvur.cz\/wp-content\/uploads\/2021\/03\/atmo-nah-768x512.jpg 768w\" sizes=\"(max-width: 800px) 100vw, 800px\" \/><\/a><\/figure><div class=\"wp-block-media-text__content\">\n<h4 class=\"wp-block-heading\">Atmosf\u00e9ra J\u00e1\u0148ova dvora a okol\u00ed<\/h4>\n<\/div><\/div>\n<\/div>\n\n\n\n<div class=\"wp-block-column is-layout-flow wp-block-column-is-layout-flow\">\n<div class=\"wp-block-media-text alignwide is-stacked-on-mobile\"><figure class=\"wp-block-media-text__media\"><a href=\"https:\/\/www.januvdvur.cz\/index.php\/fotogalerie\/jak-sel-cas\/\"><img loading=\"lazy\" decoding=\"async\" width=\"800\" height=\"533\" src=\"https:\/\/www.januvdvur.cz\/wp-content\/uploads\/2021\/03\/reko-nah.jpg\" alt=\"\" class=\"wp-image-702 size-full\" srcset=\"https:\/\/www.januvdvur.cz\/wp-content\/uploads\/2021\/03\/reko-nah.jpg 800w, https:\/\/www.januvdvur.cz\/wp-content\/uploads\/2021\/03\/reko-nah-300x200.jpg 300w, https:\/\/www.januvdvur.cz\/wp-content\/uploads\/2021\/03\/reko-nah-768x512.jpg 768w\" sizes=\"(max-width: 800px) 100vw, 800px\" \/><\/a><\/figure><div class=\"wp-block-media-text__content\">\n<h4 class=\"wp-block-heading\">Jak \u0161el \u010das&#8230;<\/h4>\n<\/div><\/div>\n<\/div>\n<\/div>\n\n\n\n<div class=\"wp-block-columns is-layout-flex wp-container-core-columns-is-layout-9d6595d7 wp-block-columns-is-layout-flex\">\n<div class=\"wp-block-column is-layout-flow wp-block-column-is-layout-flow\">\n<div class=\"wp-block-media-text alignwide is-stacked-on-mobile\"><figure class=\"wp-block-media-text__media\"><a href=\"https:\/\/www.januvdvur.cz\/index.php\/fotogalerie\/zili-tu-pred-nami\/\"><img loading=\"lazy\" decoding=\"async\" width=\"800\" height=\"533\" src=\"https:\/\/www.januvdvur.cz\/wp-content\/uploads\/2021\/03\/ph-nah.jpg\" alt=\"\" class=\"wp-image-722 size-full\" srcset=\"https:\/\/www.januvdvur.cz\/wp-content\/uploads\/2021\/03\/ph-nah.jpg 800w, https:\/\/www.januvdvur.cz\/wp-content\/uploads\/2021\/03\/ph-nah-300x200.jpg 300w, https:\/\/www.januvdvur.cz\/wp-content\/uploads\/2021\/03\/ph-nah-768x512.jpg 768w\" sizes=\"(max-width: 800px) 100vw, 800px\" \/><\/a><\/figure><div class=\"wp-block-media-text__content\">\n<h4 class=\"wp-block-heading\">\u017dili tu p\u0159ed n\u00e1mi&#8230;<\/h4>\n<\/div><\/div>\n<\/div>\n\n\n\n<div class=\"wp-block-column is-layout-flow wp-block-column-is-layout-flow\">\n<div class=\"wp-block-media-text alignwide is-stacked-on-mobile\"><figure class=\"wp-block-media-text__media\"><a href=\"https:\/\/www.januvdvur.cz\/index.php\/fotogalerie\/retro\/\"><img loading=\"lazy\" decoding=\"async\" width=\"800\" height=\"536\" src=\"https:\/\/www.januvdvur.cz\/wp-content\/uploads\/2021\/03\/DSC_0568-k1.jpg\" alt=\"\" class=\"wp-image-728 size-full\" srcset=\"https:\/\/www.januvdvur.cz\/wp-content\/uploads\/2021\/03\/DSC_0568-k1.jpg 800w, https:\/\/www.januvdvur.cz\/wp-content\/uploads\/2021\/03\/DSC_0568-k1-300x201.jpg 300w, https:\/\/www.januvdvur.cz\/wp-content\/uploads\/2021\/03\/DSC_0568-k1-768x515.jpg 768w\" sizes=\"(max-width: 800px) 100vw, 800px\" \/><\/a><\/figure><div class=\"wp-block-media-text__content\">\n<h4 class=\"wp-block-heading\">Te\u010f tu \u017eijeme my&#8230;<\/h4>\n<\/div><\/div>\n<\/div>\n<\/div>\n\n\n\n<p><\/p>\n","protected":false},"excerpt":{"rendered":"<p>Penzion Kemp Skl\u00edpek Za v\u00ednem na koni Farma Leteck\u00e9 z\u00e1b\u011bry Atmosf\u00e9ra J\u00e1\u0148ova dvora a okol\u00ed Jak \u0161el \u010das&#8230; \u017dili tu p\u0159ed n\u00e1mi&#8230; Te\u010f tu \u017eijeme my&#8230;<\/p>\n","protected":false},"author":1,"featured_media":0,"parent":0,"menu_order":0,"comment_status":"closed","ping_status":"closed","template":"","meta":{"footnotes":""},"class_list":["post-58","page","type-page","status-publish","hentry"],"_links":{"self":[{"href":"https:\/\/www.januvdvur.cz\/index.php\/wp-json\/wp\/v2\/pages\/58","targetHints":{"allow":["GET"]}}],"collection":[{"href":"https:\/\/www.januvdvur.cz\/index.php\/wp-json\/wp\/v2\/pages"}],"about":[{"href":"https:\/\/www.januvdvur.cz\/index.php\/wp-json\/wp\/v2\/types\/page"}],"author":[{"embeddable":true,"href":"https:\/\/www.januvdvur.cz\/index.php\/wp-json\/wp\/v2\/users\/1"}],"replies":[{"embeddable":true,"href":"https:\/\/www.januvdvur.cz\/index.php\/wp-json\/wp\/v2\/comments?post=58"}],"version-history":[{"count":17,"href":"https:\/\/www.januvdvur.cz\/index.php\/wp-json\/wp\/v2\/pages\/58\/revisions"}],"predecessor-version":[{"id":756,"href":"https:\/\/www.januvdvur.cz\/index.php\/wp-json\/wp\/v2\/pages\/58\/revisions\/756"}],"wp:attachment":[{"href":"https:\/\/www.januvdvur.cz\/index.php\/wp-json\/wp\/v2\/media?parent=58"}],"curies":[{"name":"wp","href":"https:\/\/api.w.org\/{rel}","templated":true}]}}

<div class="wp-block-columns is-layout-flex wp-container-core-columns-is-layout-9d6595d7 wp-block-columns-is-layout-flex">
<div class="wp-block-column is-layout-flow wp-block-column-is-layout-flow">
<div class="wp-block-media-text alignwide is-stacked-on-mobile"><figure class="wp-block-media-text__media"><a href="https://www.januvdvur.cz/index.php/fotogalerie/fotogalerie-penzion/"><img fetchpriority="high" decoding="async" width="800" height="533" src="https://www.januvdvur.cz/wp-content/uploads/2021/03/penzion-nah.jpg" alt="" class="wp-image-568 size-full" srcset="https://www.januvdvur.cz/wp-content/uploads/2021/03/penzion-nah.jpg 800w, https://www.januvdvur.cz/wp-content/uploads/2021/03/penzion-nah-300x200.jpg 300w, https://www.januvdvur.cz/wp-content/uploads/2021/03/penzion-nah-768x512.jpg 768w" sizes="(max-width: 800px) 100vw, 800px" /></a></figure><div class="wp-block-media-text__content">
<h4 class="wp-block-heading">Penzion</h4>
</div></div>
</div>



<div class="wp-block-column is-layout-flow wp-block-column-is-layout-flow">
<div class="wp-block-media-text alignwide is-stacked-on-mobile"><figure class="wp-block-media-text__media"><a href="https://www.januvdvur.cz/index.php/fotogalerie/fotogalerie-kemp/"><img decoding="async" width="800" height="533" src="https://www.januvdvur.cz/wp-content/uploads/2021/03/kemp-nah.jpg" alt="" class="wp-image-569 size-full" srcset="https://www.januvdvur.cz/wp-content/uploads/2021/03/kemp-nah.jpg 800w, https://www.januvdvur.cz/wp-content/uploads/2021/03/kemp-nah-300x200.jpg 300w, https://www.januvdvur.cz/wp-content/uploads/2021/03/kemp-nah-768x512.jpg 768w" sizes="(max-width: 800px) 100vw, 800px" /></a></figure><div class="wp-block-media-text__content">
<h4 class="wp-block-heading">Kemp</h4>
</div></div>
</div>
</div>



<div class="wp-block-columns is-layout-flex wp-container-core-columns-is-layout-9d6595d7 wp-block-columns-is-layout-flex">
<div class="wp-block-column is-layout-flow wp-block-column-is-layout-flow">
<div class="wp-block-media-text alignwide is-stacked-on-mobile"><figure class="wp-block-media-text__media"><a href="https://www.januvdvur.cz/index.php/fotogalerie/fotogalerie-sklipek/"><img decoding="async" width="800" height="533" src="https://www.januvdvur.cz/wp-content/uploads/2021/03/sklipek-nah.jpg" alt="" class="wp-image-570 size-full" srcset="https://www.januvdvur.cz/wp-content/uploads/2021/03/sklipek-nah.jpg 800w, https://www.januvdvur.cz/wp-content/uploads/2021/03/sklipek-nah-300x200.jpg 300w, https://www.januvdvur.cz/wp-content/uploads/2021/03/sklipek-nah-768x512.jpg 768w" sizes="(max-width: 800px) 100vw, 800px" /></a></figure><div class="wp-block-media-text__content">
<h4 class="wp-block-heading">Sklípek</h4>
</div></div>
</div>



<div class="wp-block-column is-layout-flow wp-block-column-is-layout-flow">
<div class="wp-block-media-text alignwide is-stacked-on-mobile"><figure class="wp-block-media-text__media"><a href="https://www.januvdvur.cz/index.php/fotogalerie/fotogalerie-za-vinem-na-koni/"><img loading="lazy" decoding="async" width="800" height="533" src="https://www.januvdvur.cz/wp-content/uploads/2021/03/konea-nah.jpg" alt="" class="wp-image-571 size-full" srcset="https://www.januvdvur.cz/wp-content/uploads/2021/03/konea-nah.jpg 800w, https://www.januvdvur.cz/wp-content/uploads/2021/03/konea-nah-300x200.jpg 300w, https://www.januvdvur.cz/wp-content/uploads/2021/03/konea-nah-768x512.jpg 768w" sizes="(max-width: 800px) 100vw, 800px" /></a></figure><div class="wp-block-media-text__content">
<h4 class="wp-block-heading">Za vínem na koni</h4>
</div></div>
</div>
</div>



<div class="wp-block-columns is-layout-flex wp-container-core-columns-is-layout-9d6595d7 wp-block-columns-is-layout-flex">
<div class="wp-block-column is-layout-flow wp-block-column-is-layout-flow">
<div class="wp-block-media-text alignwide is-stacked-on-mobile"><figure class="wp-block-media-text__media"><a href="https://www.januvdvur.cz/index.php/fotogalerie/fotogalerie-farma/"><img loading="lazy" decoding="async" width="800" height="533" src="https://www.januvdvur.cz/wp-content/uploads/2021/03/farma-nah.jpg" alt="" class="wp-image-577 size-full" srcset="https://www.januvdvur.cz/wp-content/uploads/2021/03/farma-nah.jpg 800w, https://www.januvdvur.cz/wp-content/uploads/2021/03/farma-nah-300x200.jpg 300w, https://www.januvdvur.cz/wp-content/uploads/2021/03/farma-nah-768x512.jpg 768w" sizes="(max-width: 800px) 100vw, 800px" /></a></figure><div class="wp-block-media-text__content">
<h4 class="wp-block-heading">Farma</h4>
</div></div>
</div>



<div class="wp-block-column is-layout-flow wp-block-column-is-layout-flow">
<div class="wp-block-media-text alignwide is-stacked-on-mobile"><figure class="wp-block-media-text__media"><a href="https://www.januvdvur.cz/index.php/fotogalerie/fotogalerie-letecke-zabery/"><img loading="lazy" decoding="async" width="800" height="533" src="https://www.januvdvur.cz/wp-content/uploads/2021/03/let-nah.jpg" alt="" class="wp-image-582 size-full" srcset="https://www.januvdvur.cz/wp-content/uploads/2021/03/let-nah.jpg 800w, https://www.januvdvur.cz/wp-content/uploads/2021/03/let-nah-300x200.jpg 300w, https://www.januvdvur.cz/wp-content/uploads/2021/03/let-nah-768x512.jpg 768w" sizes="(max-width: 800px) 100vw, 800px" /></a></figure><div class="wp-block-media-text__content">
<h4 class="wp-block-heading">Letecké záběry</h4>
</div></div>
</div>
</div>



<div class="wp-block-columns is-layout-flex wp-container-core-columns-is-layout-9d6595d7 wp-block-columns-is-layout-flex">
<div class="wp-block-column is-layout-flow wp-block-column-is-layout-flow">
<div class="wp-block-media-text alignwide is-stacked-on-mobile"><figure class="wp-block-media-text__media"><a href="https://www.januvdvur.cz/index.php/fotogalerie/atmosfera-janova-dvora-a-okoli/"><img loading="lazy" decoding="async" width="800" height="533" src="https://www.januvdvur.cz/wp-content/uploads/2021/03/atmo-nah.jpg" alt="" class="wp-image-661 size-full" srcset="https://www.januvdvur.cz/wp-content/uploads/2021/03/atmo-nah.jpg 800w, https://www.januvdvur.cz/wp-content/uploads/2021/03/atmo-nah-300x200.jpg 300w, https://www.januvdvur.cz/wp-content/uploads/2021/03/atmo-nah-768x512.jpg 768w" sizes="(max-width: 800px) 100vw, 800px" /></a></figure><div class="wp-block-media-text__content">
<h4 class="wp-block-heading">Atmosféra Jáňova dvora a okolí</h4>
</div></div>
</div>



<div class="wp-block-column is-layout-flow wp-block-column-is-layout-flow">
<div class="wp-block-media-text alignwide is-stacked-on-mobile"><figure class="wp-block-media-text__media"><a href="https://www.januvdvur.cz/index.php/fotogalerie/jak-sel-cas/"><img loading="lazy" decoding="async" width="800" height="533" src="https://www.januvdvur.cz/wp-content/uploads/2021/03/reko-nah.jpg" alt="" class="wp-image-702 size-full" srcset="https://www.januvdvur.cz/wp-content/uploads/2021/03/reko-nah.jpg 800w, https://www.januvdvur.cz/wp-content/uploads/2021/03/reko-nah-300x200.jpg 300w, https://www.januvdvur.cz/wp-content/uploads/2021/03/reko-nah-768x512.jpg 768w" sizes="(max-width: 800px) 100vw, 800px" /></a></figure><div class="wp-block-media-text__content">
<h4 class="wp-block-heading">Jak šel čas&#8230;</h4>
</div></div>
</div>
</div>



<div class="wp-block-columns is-layout-flex wp-container-core-columns-is-layout-9d6595d7 wp-block-columns-is-layout-flex">
<div class="wp-block-column is-layout-flow wp-block-column-is-layout-flow">
<div class="wp-block-media-text alignwide is-stacked-on-mobile"><figure class="wp-block-media-text__media"><a href="https://www.januvdvur.cz/index.php/fotogalerie/zili-tu-pred-nami/"><img loading="lazy" decoding="async" width="800" height="533" src="https://www.januvdvur.cz/wp-content/uploads/2021/03/ph-nah.jpg" alt="" class="wp-image-722 size-full" srcset="https://www.januvdvur.cz/wp-content/uploads/2021/03/ph-nah.jpg 800w, https://www.januvdvur.cz/wp-content/uploads/2021/03/ph-nah-300x200.jpg 300w, https://www.januvdvur.cz/wp-content/uploads/2021/03/ph-nah-768x512.jpg 768w" sizes="(max-width: 800px) 100vw, 800px" /></a></figure><div class="wp-block-media-text__content">
<h4 class="wp-block-heading">Žili tu před námi&#8230;</h4>
</div></div>
</div>



<div class="wp-block-column is-layout-flow wp-block-column-is-layout-flow">
<div class="wp-block-media-text alignwide is-stacked-on-mobile"><figure class="wp-block-media-text__media"><a href="https://www.januvdvur.cz/index.php/fotogalerie/retro/"><img loading="lazy" decoding="async" width="800" height="536" src="https://www.januvdvur.cz/wp-content/uploads/2021/03/DSC_0568-k1.jpg" alt="" class="wp-image-728 size-full" srcset="https://www.januvdvur.cz/wp-content/uploads/2021/03/DSC_0568-k1.jpg 800w, https://www.januvdvur.cz/wp-content/uploads/2021/03/DSC_0568-k1-300x201.jpg 300w, https://www.januvdvur.cz/wp-content/uploads/2021/03/DSC_0568-k1-768x515.jpg 768w" sizes="(max-width: 800px) 100vw, 800px" /></a></figure><div class="wp-block-media-text__content">
<h4 class="wp-block-heading">Teď tu žijeme my&#8230;</h4>
</div></div>
</div>
</div>



<p></p>

<p>Penzion Kemp Sklípek Za vínem na koni Farma Letecké záběry Atmosféra Jáňova dvora a okolí Jak šel čas&#8230; Žili tu před námi&#8230; Teď tu žijeme my&#8230;</p>
