{"id":22,"date":"2021-02-15T08:23:58","date_gmt":"2021-02-15T08:23:58","guid":{"rendered":"http:\/\/www.januvdvur.cz\/?page_id=22"},"modified":"2026-03-21T08:04:18","modified_gmt":"2026-03-21T08:04:18","slug":"penzion","status":"publish","type":"page","link":"https:\/\/www.januvdvur.cz\/index.php\/penzion\/","title":{"rendered":"PENZION"},"content":{"rendered":"\n<div class=\"wp-block-columns is-layout-flex wp-container-core-columns-is-layout-9d6595d7 wp-block-columns-is-layout-flex\">\n<div class=\"wp-block-column is-layout-flow wp-block-column-is-layout-flow\">\n<p>\u010cek\u00e1 na v\u00e1s <strong>p\u011bt romantick\u00fdch pokoj\u00edk\u016f<\/strong> za\u0159\u00edzen\u00fdch pohodln\u011b a jednodu\u0161e, v duchu star\u00fdch \u010das\u016f (av\u0161ak se sou\u010dasn\u00fdm WC i&nbsp;sprchou). Pokoje jsou <strong>dvoul\u016f\u017ekov\u00e9<\/strong> s man\u017eelsk\u00fdmi postelemi a mo\u017enost\u00ed <strong>p\u0159ist\u00fdlek<\/strong>. P\u0159ikr\u00fdvky jsou vypln\u011bny vlnou na\u0161ich ovc\u00ed, pod n\u00ed\u017e se sp\u00ed dob\u0159e v&nbsp;l\u00e9t\u011b i&nbsp;v zim\u011b. <\/p>\n\n\n\n<p>Nenajdete zde televizi, nebo\u0165 va\u0161e smysly budou dostate\u010dn\u011b podn\u011bcov\u00e1ny r\u016fzn\u00fdmi zvuky vesnice. R\u00e1no v\u00e1s sice mo\u017en\u00e1 probud\u00ed to, co ve m\u011bst\u011b nezn\u00e1te \u2013 zvon\u011bn\u00ed zvon\u016f kostela (v 6 hodin), zame\u010den\u00ed kozy nebo v\u00edt\u00e1n\u00ed r\u00e1na kohoutem, nicm\u00e9n\u011b&nbsp; vzhledem k na\u0161\u00ed poloze uprost\u0159ed obce jsme, z hlediska ohleduplnosti a respektov\u00e1n\u00ed pr\u00e1va soused\u016f na klidn\u00fd \u017eivot, zav\u00e1z\u00e1ni k&nbsp;dodr\u017eov\u00e1n\u00ed klidu, a to nejen no\u010dn\u00edho, kter\u00fd z&nbsp;vyhl\u00e1\u0161ky za\u010d\u00edn\u00e1 ve <strong>22 hodin<\/strong>.<\/p>\n\n\n\n<p>Ze zku\u0161enost\u00ed minul\u00fdch sez\u00f3n je&nbsp;z\u0159ejm\u00e9, \u017ee na Va\u0161em respektov\u00e1n\u00ed t\u00e9to skute\u010dnosti z\u00e1vis\u00ed dal\u0161\u00ed byt\u00ed na\u0161eho dvora. Divok\u00e9 &#8222;pa\u0159by&#8220;, hudebn\u00ed produkce nebo bojov\u00e9 hry, je\u017e b\u00fdvaj\u00ed s letn\u00ed z\u00e1bavou spojov\u00e1ny, bohu\u017eel tedy u n\u00e1s nem\u016f\u017eeme akceptovat.<\/p>\n\n\n\n<p><\/p>\n<\/div>\n\n\n\n<div class=\"wp-block-column is-layout-flow wp-block-column-is-layout-flow\">\n<figure class=\"wp-block-image size-full\"><img fetchpriority=\"high\" decoding=\"async\" width=\"798\" height=\"537\" src=\"https:\/\/www.januvdvur.cz\/wp-content\/uploads\/2026\/02\/slevove-balicky-2026-1-2.jpg\" alt=\"\" class=\"wp-image-1628\" srcset=\"https:\/\/www.januvdvur.cz\/wp-content\/uploads\/2026\/02\/slevove-balicky-2026-1-2.jpg 798w, https:\/\/www.januvdvur.cz\/wp-content\/uploads\/2026\/02\/slevove-balicky-2026-1-2-300x202.jpg 300w, https:\/\/www.januvdvur.cz\/wp-content\/uploads\/2026\/02\/slevove-balicky-2026-1-2-768x517.jpg 768w\" sizes=\"(max-width: 798px) 100vw, 798px\" \/><\/figure>\n\n\n\n<p class=\"has-text-align-center\"><strong>Nab\u00eddku je mo\u017en\u00e9 vyu\u017e\u00edt <br>p\u0159i minim\u00e1ln\u00ed obsazenosti <br>2 l\u016f\u017eek\/pokoj v obdob\u00ed: <br>3. 5. \u2013 18. 6. 2026<br>30. 8. \u2013 24. 9. 2026<\/strong><\/p>\n\n\n<div class=\"wp-block-image\">\n<figure class=\"aligncenter size-full is-resized\"><img decoding=\"async\" width=\"990\" height=\"710\" src=\"https:\/\/www.januvdvur.cz\/wp-content\/uploads\/2024\/04\/pisek_1_NOVY-1.png\" alt=\"\" class=\"wp-image-1473\" style=\"aspect-ratio:1.404494382022472;width:235px;height:auto\" srcset=\"https:\/\/www.januvdvur.cz\/wp-content\/uploads\/2024\/04\/pisek_1_NOVY-1.png 990w, https:\/\/www.januvdvur.cz\/wp-content\/uploads\/2024\/04\/pisek_1_NOVY-1-300x215.png 300w, https:\/\/www.januvdvur.cz\/wp-content\/uploads\/2024\/04\/pisek_1_NOVY-1-768x551.png 768w\" sizes=\"(max-width: 990px) 100vw, 990px\" \/><\/figure>\n<\/div><\/div>\n<\/div>\n\n\n\n<p><a style=\"font-weight: bold;\" href=\"https:\/\/www.januvdvur.cz\/index.php\/fotogalerie\/fotogalerie-penzion\/\" data-type=\"page\" data-id=\"366\">Fotogalerie na\u0161eho penzionu v\u010detn\u011b prohl\u00eddky pokoj\u016f<\/a> | <strong><a href=\"https:\/\/www.januvdvur.cz\/index.php\/web-v-uprave\/kam-v-okoli-janova-dvora\/\">Kam&nbsp;v&nbsp;okol\u00ed&nbsp;J\u00e1\u0148ova&nbsp;dvora<\/a><\/strong><\/p>\n\n\n\n<div class=\"wp-block-columns is-layout-flex wp-container-core-columns-is-layout-9d6595d7 wp-block-columns-is-layout-flex\">\n<div class=\"wp-block-column is-layout-flow wp-block-column-is-layout-flow\">\n<figure class=\"wp-block-image size-large\"><img decoding=\"async\" src=\"https:\/\/www.januvdvur.cz\/wp-content\/uploads\/2021\/02\/penzion-1-1024x768.jpg\" alt=\"J\u00e1\u0148\u016fv dv\u016fr penzion\" class=\"wp-image-169\"\/><\/figure>\n<\/div>\n\n\n\n<div class=\"wp-block-column is-layout-flow wp-block-column-is-layout-flow\">\n<figure class=\"wp-block-image size-large\"><img decoding=\"async\" src=\"https:\/\/www.januvdvur.cz\/wp-content\/uploads\/2021\/02\/penzion-2-1024x768.jpg\" alt=\"J\u00e1\u0148\u016fv dv\u016fr penzion\" class=\"wp-image-170\"\/><\/figure>\n<\/div>\n<\/div>\n\n\n\n<h2 class=\"wp-block-heading\" id=\"cenik-a-objednavka\">Cen\u00edk a objedn\u00e1vka<\/h2>\n\n\n\n<p>Cen\u00edk ubytov\u00e1n\u00ed pro rok 2026, na 1 osobu a 1 noc v\u00a0K\u010d v\u010detn\u011b 12% DPH.<\/p>\n\n\n\n<div style=\"height:1px\" aria-hidden=\"true\" class=\"wp-block-spacer\"><\/div>\n\n\n\n<div class=\"wp-block-columns is-layout-flex wp-container-core-columns-is-layout-9d6595d7 wp-block-columns-is-layout-flex\">\n<div class=\"wp-block-column is-layout-flow wp-block-column-is-layout-flow\">\n<figure class=\"wp-block-image size-large\"><img decoding=\"async\" width=\"1024\" height=\"613\" src=\"https:\/\/www.januvdvur.cz\/wp-content\/uploads\/2026\/02\/cenik-20261-1024x613.jpg\" alt=\"\" class=\"wp-image-1617\" srcset=\"https:\/\/www.januvdvur.cz\/wp-content\/uploads\/2026\/02\/cenik-20261-1024x613.jpg 1024w, https:\/\/www.januvdvur.cz\/wp-content\/uploads\/2026\/02\/cenik-20261-300x180.jpg 300w, https:\/\/www.januvdvur.cz\/wp-content\/uploads\/2026\/02\/cenik-20261-768x460.jpg 768w, https:\/\/www.januvdvur.cz\/wp-content\/uploads\/2026\/02\/cenik-20261-1536x920.jpg 1536w, https:\/\/www.januvdvur.cz\/wp-content\/uploads\/2026\/02\/cenik-20261-2048x1226.jpg 2048w\" sizes=\"(max-width: 1024px) 100vw, 1024px\" \/><\/figure>\n<\/div>\n\n\n\n<div class=\"wp-block-column is-layout-flow wp-block-column-is-layout-flow\">\n<figure class=\"wp-block-image size-large\"><img loading=\"lazy\" decoding=\"async\" width=\"1024\" height=\"608\" src=\"http:\/\/www.januvdvur.cz\/wp-content\/uploads\/2021\/02\/dvur-1024x608.png\" alt=\"\" class=\"wp-image-147\" srcset=\"https:\/\/www.januvdvur.cz\/wp-content\/uploads\/2021\/02\/dvur-1024x608.png 1024w, https:\/\/www.januvdvur.cz\/wp-content\/uploads\/2021\/02\/dvur-300x178.png 300w, https:\/\/www.januvdvur.cz\/wp-content\/uploads\/2021\/02\/dvur-768x456.png 768w, https:\/\/www.januvdvur.cz\/wp-content\/uploads\/2021\/02\/dvur.png 1404w\" sizes=\"(max-width: 1024px) 100vw, 1024px\" \/><\/figure>\n<\/div>\n<\/div>\n\n\n\n<p><strong>Jednor\u00e1zov\u00fd \u00faklidov\u00fd poplatek<\/strong> 200 K\u010d\/pobyt.<br><strong>Za pejska<\/strong> na pokoji zaplat\u00edte poplatek 150 K\u010d za noc.<br><strong>Za auto<\/strong> na parkovi\u0161ti zaplat\u00edte poplatek 60 K\u010d za noc.<\/p>\n\n\n\n<p>K cen\u011b ubytov\u00e1n\u00ed se p\u0159ipo\u010d\u00edt\u00e1 dosp\u011bl\u00e9mu hostu (nad 18 let) rekrea\u010dn\u00ed poplatek obci ve v\u00fd\u0161i 30\u00a0K\u010d\/noc.\u00a0Pokoje jsou koncipov\u00e1ny jako\u00a0<strong>dvoul\u016f\u017ekov\u00e9<\/strong>, s\u00a0mo\u017enost\u00ed p\u0159ist\u00fdlek. V\u00a0p\u0159\u00edpad\u011b ubytov\u00e1n\u00ed pouze jedn\u00e9 osoby na pokoji, je nutn\u00e9 uhradit 50 %\u00a0ceny z\u00a0neobsazen\u00e9ho l\u016f\u017eka. O\u00a0letn\u00edch pr\u00e1zdnin\u00e1ch je minim\u00e1ln\u00ed platba za\u00a0pokoj a\u00a0noc ve v\u00fd\u0161i dvou obsazen\u00fdch l\u016f\u017eek.<\/p>\n\n\n\n<p><strong>D\u00edt\u011b<\/strong> bez n\u00e1roku na p\u0159ist\u00fdlku (v l\u016f\u017eku\u00a0s rodi\u010di nebo v d\u011btsk\u00e9 post\u00fdlce \u2013 vlastn\u00ed \u010di n\u00e1mi zap\u016fj\u010den\u00e9) je za\u00a0poplatek\u00a050\u00a0K\u010d\/noc. Jednor\u00e1zov\u00fd poplatek za zap\u016fj\u010den\u00ed skl\u00e1dac\u00ed d\u011btsk\u00e9 post\u00fdlky\u00a0v\u010detn\u011b prost\u011bradla 200 K\u010d. Jednor\u00e1zov\u00fd poplatek za p\u016fj\u010den\u00ed lo\u017en\u00edho pr\u00e1dla do d\u011btsk\u00e9 post\u00fdlky 150 K\u010d.<\/p>\n\n\n\n<p><strong>Sn\u00eddan\u011b<\/strong>&nbsp;u n\u00e1s prob\u00edhaj\u00ed&nbsp;<strong>formou rautu<\/strong>.&nbsp;Poskytujeme je pouze host\u016fm u n\u00e1s ubytovan\u00fdm a <strong>nejsou v cen\u011b<\/strong> p\u0159enocov\u00e1n\u00ed. Jejich nab\u00eddka je pestr\u00e1 a&nbsp;vyberou si i vegani, vegetari\u00e1ni \u010di&nbsp;celiaci. D\u00e1te-li n\u00e1m o Va\u0161\u00ed volb\u011b \u010di omezen\u00ed v\u011bd\u011bt p\u0159edem, l\u00e9pe se p\u0159iprav\u00edme.<\/p>\n\n\n\n<p><strong>Cena sn\u00eddan\u00ed:<\/strong> <br>210 K\u010d dosp\u011bl\u00ed a d\u011bti od 12 let<br>140 K\u010d d\u011bti od 5 do 12 let<br>70 K\u010d d\u011bti do 5 let<\/p>\n\n\n\n<p>Ve\u00a0 dvo\u0159e je <strong>pohostinstv\u00ed<\/strong>, kde si m\u016f\u017eete d\u00e1t i\u00a0ob\u011bd a ve\u010de\u0159i. Va\u0159\u00edme pokud mo\u017eno z\u00a0dom\u00e1c\u00edch a\u00a0lok\u00e1ln\u00edch surovin, velmi obl\u00edbenou z\u00e1le\u017eitost\u00ed je u\u00a0n\u00e1s tak\u00e9 ob\u010dasn\u00e9 ve\u010dern\u00ed <strong>grilov\u00e1n\u00ed<\/strong>. K\u00a0dispozici je v\u00e1m tak\u00e9 n\u00e1\u0161 <strong><a href=\"https:\/\/www.januvdvur.cz\/index.php\/vinny-sklipek\/\" data-type=\"page\" data-id=\"251\">vinn\u00fd\u00a0skl\u00edpek<\/a><\/strong> nebo <strong>ohni\u0161t\u011b<\/strong> v\u010detn\u011b d\u0159eva i\u00a0op\u00e9kac\u00edch jehel, ale\u00a0i\u00a0zde, jako\u017e v cel\u00e9m objektu, je t\u0159eba respektovat no\u010dn\u00ed klid.<\/p>\n\n\n\n<p>P\u0159edt\u00edm, ne\u017e u\u010din\u00edte objedn\u00e1vku pobytu, pros\u00edm prohl\u00e9dn\u011bte si n\u00e1\u0161 <strong><a href=\"https:\/\/www.januvdvur.cz\/index.php\/penzion\/kalendar-obsazenosti\/\" data-type=\"page\" data-id=\"182\">kalend\u00e1\u0159 obsazenosti<\/a><\/strong><\/p>\n\n\n\n<p>Prostudujte si: <a href=\"https:\/\/www.januvdvur.cz\/index.php\/penzion\/cenik-penzion\/\" data-type=\"page\" data-id=\"80\"><strong>Objedn\u00e1vka pobytu a platebn\u00ed podm\u00ednky<\/strong><\/a><\/p>\n\n\n\n<p>e-mail: <strong>recepce@januvdvur.cz<\/strong><br>telefon:<strong> +420 530 506 405<\/strong> (recepce), <strong>+420&nbsp;732&nbsp;644&nbsp;269<\/strong><\/p>\n\n\n\n<p>Dal\u0161\u00ed slu\u017eby: <strong><a href=\"https:\/\/www.januvdvur.cz\/index.php\/penzion\/pujcovna-kol\/\" data-type=\"page\" data-id=\"227\">P\u016fj\u010dovna kol<\/a><\/strong> | <strong><a href=\"https:\/\/www.januvdvur.cz\/index.php\/vinny-sklipek\/\" data-type=\"page\" data-id=\"251\">Vinn\u00fd&nbsp;skl\u00edpek<\/a><\/strong> | <strong><a href=\"https:\/\/www.januvdvur.cz\/index.php\/penzion\/pro-deti\/\">Pro&nbsp;d\u011bti<\/a><\/strong><\/p>\n\n\n\n<div class=\"wp-block-columns is-layout-flex wp-container-core-columns-is-layout-9d6595d7 wp-block-columns-is-layout-flex\">\n<div class=\"wp-block-column is-layout-flow wp-block-column-is-layout-flow\">\n<figure class=\"wp-block-image size-large\"><img loading=\"lazy\" decoding=\"async\" width=\"1024\" height=\"683\" src=\"https:\/\/www.januvdvur.cz\/wp-content\/uploads\/2021\/02\/penzion-4-1024x683.jpg\" alt=\"J\u00e1\u0148\u016fv dv\u016fr penzion\" class=\"wp-image-171\" srcset=\"https:\/\/www.januvdvur.cz\/wp-content\/uploads\/2021\/02\/penzion-4-1024x683.jpg 1024w, https:\/\/www.januvdvur.cz\/wp-content\/uploads\/2021\/02\/penzion-4-300x200.jpg 300w, https:\/\/www.januvdvur.cz\/wp-content\/uploads\/2021\/02\/penzion-4-768x512.jpg 768w, https:\/\/www.januvdvur.cz\/wp-content\/uploads\/2021\/02\/penzion-4-1536x1024.jpg 1536w, https:\/\/www.januvdvur.cz\/wp-content\/uploads\/2021\/02\/penzion-4.jpg 1600w\" sizes=\"(max-width: 1024px) 100vw, 1024px\" \/><\/figure>\n<\/div>\n\n\n\n<div class=\"wp-block-column is-layout-flow wp-block-column-is-layout-flow\">\n<figure class=\"wp-block-image size-large\"><img loading=\"lazy\" decoding=\"async\" width=\"1024\" height=\"683\" src=\"https:\/\/www.januvdvur.cz\/wp-content\/uploads\/2021\/02\/penzion-3-1024x683.jpg\" alt=\"J\u00e1\u0148\u016fv dv\u016fr penzion\" class=\"wp-image-172\" srcset=\"https:\/\/www.januvdvur.cz\/wp-content\/uploads\/2021\/02\/penzion-3-1024x683.jpg 1024w, https:\/\/www.januvdvur.cz\/wp-content\/uploads\/2021\/02\/penzion-3-300x200.jpg 300w, https:\/\/www.januvdvur.cz\/wp-content\/uploads\/2021\/02\/penzion-3-768x512.jpg 768w, https:\/\/www.januvdvur.cz\/wp-content\/uploads\/2021\/02\/penzion-3-1536x1024.jpg 1536w, https:\/\/www.januvdvur.cz\/wp-content\/uploads\/2021\/02\/penzion-3.jpg 1600w\" sizes=\"(max-width: 1024px) 100vw, 1024px\" \/><\/figure>\n<\/div>\n<\/div>\n","protected":false},"excerpt":{"rendered":"<p>\u010cek\u00e1 na v\u00e1s p\u011bt romantick\u00fdch pokoj\u00edk\u016f za\u0159\u00edzen\u00fdch pohodln\u011b a jednodu\u0161e, v duchu star\u00fdch \u010das\u016f (av\u0161ak se sou\u010dasn\u00fdm WC i&nbsp;sprchou). Pokoje jsou dvoul\u016f\u017ekov\u00e9 s man\u017eelsk\u00fdmi postelemi a mo\u017enost\u00ed p\u0159ist\u00fdlek. P\u0159ikr\u00fdvky jsou vypln\u011bny vlnou na\u0161ich ovc\u00ed, pod n\u00ed\u017e se sp\u00ed dob\u0159e v&nbsp;l\u00e9t\u011b i&nbsp;v zim\u011b. Nenajdete zde televizi, nebo\u0165 va\u0161e smysly budou dostate\u010dn\u011b podn\u011bcov\u00e1ny r\u016fzn\u00fdmi zvuky vesnice. R\u00e1no &hellip; <\/p>\n<p class=\"link-more\"><a href=\"https:\/\/www.januvdvur.cz\/index.php\/penzion\/\" class=\"more-link\">Read the full post &rarr;<span class=\"screen-reader-text\">&#8222;PENZION&#8220;<\/span><\/a><\/p>\n","protected":false},"author":1,"featured_media":0,"parent":0,"menu_order":0,"comment_status":"closed","ping_status":"closed","template":"","meta":{"footnotes":""},"class_list":["post-22","page","type-page","status-publish","hentry"],"_links":{"self":[{"href":"https:\/\/www.januvdvur.cz\/index.php\/wp-json\/wp\/v2\/pages\/22","targetHints":{"allow":["GET"]}}],"collection":[{"href":"https:\/\/www.januvdvur.cz\/index.php\/wp-json\/wp\/v2\/pages"}],"about":[{"href":"https:\/\/www.januvdvur.cz\/index.php\/wp-json\/wp\/v2\/types\/page"}],"author":[{"embeddable":true,"href":"https:\/\/www.januvdvur.cz\/index.php\/wp-json\/wp\/v2\/users\/1"}],"replies":[{"embeddable":true,"href":"https:\/\/www.januvdvur.cz\/index.php\/wp-json\/wp\/v2\/comments?post=22"}],"version-history":[{"count":125,"href":"https:\/\/www.januvdvur.cz\/index.php\/wp-json\/wp\/v2\/pages\/22\/revisions"}],"predecessor-version":[{"id":1642,"href":"https:\/\/www.januvdvur.cz\/index.php\/wp-json\/wp\/v2\/pages\/22\/revisions\/1642"}],"wp:attachment":[{"href":"https:\/\/www.januvdvur.cz\/index.php\/wp-json\/wp\/v2\/media?parent=22"}],"curies":[{"name":"wp","href":"https:\/\/api.w.org\/{rel}","templated":true}]}}